{"id":432,"date":"2022-05-11T11:31:40","date_gmt":"2022-05-11T11:31:40","guid":{"rendered":"https:\/\/bizbergthemes.com\/fully-green-lite\/?page_id=432"},"modified":"2023-05-04T15:50:27","modified_gmt":"2023-05-04T15:50:27","slug":"areas-de-trabajo-fundesem","status":"publish","type":"page","link":"https:\/\/fundesemgt.org\/?page_id=432","title":{"rendered":"\u00c1reas de trabajo"},"content":{"rendered":"\t\t<div data-elementor-type=\"wp-page\" data-elementor-id=\"432\" class=\"elementor elementor-432\">\n\t\t\t\t\t\t\t\t\t<section class=\"elementor-section elementor-top-section elementor-element elementor-element-db5a5bd elementor-section-boxed elementor-section-height-default elementor-section-height-default\" data-id=\"db5a5bd\" data-element_type=\"section\">\n\t\t\t\t\t\t<div class=\"elementor-container elementor-column-gap-default\">\n\t\t\t\t\t<div class=\"elementor-column elementor-col-100 elementor-top-column elementor-element elementor-element-96d60b9\" data-id=\"96d60b9\" data-element_type=\"column\">\n\t\t\t<div class=\"elementor-widget-wrap elementor-element-populated\">\n\t\t\t\t\t\t\t\t<div class=\"elementor-element elementor-element-a44f282 elementor-position-top elementor-vertical-align-top elementor-widget elementor-widget-image-box\" data-id=\"a44f282\" data-element_type=\"widget\" data-widget_type=\"image-box.default\">\n\t\t\t\t<div class=\"elementor-widget-container\">\n\t\t\t<style>\/*! elementor - v3.14.0 - 26-06-2023 *\/\n.elementor-widget-image-box .elementor-image-box-content{width:100%}@media (min-width:768px){.elementor-widget-image-box.elementor-position-left .elementor-image-box-wrapper,.elementor-widget-image-box.elementor-position-right .elementor-image-box-wrapper{display:flex}.elementor-widget-image-box.elementor-position-right .elementor-image-box-wrapper{text-align:right;flex-direction:row-reverse}.elementor-widget-image-box.elementor-position-left .elementor-image-box-wrapper{text-align:left;flex-direction:row}.elementor-widget-image-box.elementor-position-top .elementor-image-box-img{margin:auto}.elementor-widget-image-box.elementor-vertical-align-top .elementor-image-box-wrapper{align-items:flex-start}.elementor-widget-image-box.elementor-vertical-align-middle .elementor-image-box-wrapper{align-items:center}.elementor-widget-image-box.elementor-vertical-align-bottom .elementor-image-box-wrapper{align-items:flex-end}}@media (max-width:767px){.elementor-widget-image-box .elementor-image-box-img{margin-left:auto!important;margin-right:auto!important;margin-bottom:15px}}.elementor-widget-image-box .elementor-image-box-img{display:inline-block}.elementor-widget-image-box .elementor-image-box-title a{color:inherit}.elementor-widget-image-box .elementor-image-box-wrapper{text-align:center}.elementor-widget-image-box .elementor-image-box-description{margin:0}<\/style><div class=\"elementor-image-box-wrapper\"><figure class=\"elementor-image-box-img\"><img loading=\"lazy\" decoding=\"async\" width=\"512\" height=\"512\" src=\"https:\/\/fundesemgt.org\/wp-content\/uploads\/2023\/04\/CC.png\" class=\"attachment-full size-full wp-image-719\" alt=\"\" srcset=\"https:\/\/fundesemgt.org\/wp-content\/uploads\/2023\/04\/CC.png 512w, https:\/\/fundesemgt.org\/wp-content\/uploads\/2023\/04\/CC-300x300.png 300w, https:\/\/fundesemgt.org\/wp-content\/uploads\/2023\/04\/CC-150x150.png 150w\" sizes=\"auto, (max-width: 512px) 100vw, 512px\" \/><\/figure><div class=\"elementor-image-box-content\"><h3 class=\"elementor-image-box-title\">Cambio Clim\u00e1tico<\/h3><p class=\"elementor-image-box-description\">Generamos capacidades para que las poblaciones m\u00e1s vulnerables, especialmente las mujeres ind\u00edgenas y los ni\u00f1os puedan adaptarse y mejorar su calidad de vida.<\/p><\/div><\/div>\t\t<\/div>\n\t\t\t\t<\/div>\n\t\t\t\t<div class=\"elementor-element elementor-element-cd0bd3f elementor-position-top elementor-vertical-align-top elementor-widget elementor-widget-image-box\" data-id=\"cd0bd3f\" data-element_type=\"widget\" data-widget_type=\"image-box.default\">\n\t\t\t\t<div class=\"elementor-widget-container\">\n\t\t\t<div class=\"elementor-image-box-wrapper\"><figure class=\"elementor-image-box-img\"><img loading=\"lazy\" decoding=\"async\" width=\"512\" height=\"512\" src=\"https:\/\/fundesemgt.org\/wp-content\/uploads\/2023\/04\/promo.png\" class=\"attachment-full size-full wp-image-720\" alt=\"\" srcset=\"https:\/\/fundesemgt.org\/wp-content\/uploads\/2023\/04\/promo.png 512w, https:\/\/fundesemgt.org\/wp-content\/uploads\/2023\/04\/promo-300x300.png 300w, https:\/\/fundesemgt.org\/wp-content\/uploads\/2023\/04\/promo-150x150.png 150w\" sizes=\"auto, (max-width: 512px) 100vw, 512px\" \/><\/figure><div class=\"elementor-image-box-content\"><h3 class=\"elementor-image-box-title\">Promoci\u00f3n y desarrollo<\/h3><p class=\"elementor-image-box-description\">Planteamos alternativas de desarrollo socioecon\u00f3mico integral y sostenible para sectores vulnerables con enfoque de g\u00e9nero y pueblos ind\u00edgenas, a trav\u00e9s del fomento de sistemas de producci\u00f3n y de servicios agropecuario, agroforestal, de comercio comunitario y ecoturismo, para el fomento de procesos de crecimiento econ\u00f3mico y bienestar social <\/p><\/div><\/div>\t\t<\/div>\n\t\t\t\t<\/div>\n\t\t\t\t\t<\/div>\n\t\t<\/div>\n\t\t\t\t\t\t\t<\/div>\n\t\t<\/section>\n\t\t\t\t<section class=\"elementor-section elementor-top-section elementor-element elementor-element-0ee9154 elementor-section-boxed elementor-section-height-default elementor-section-height-default\" data-id=\"0ee9154\" data-element_type=\"section\">\n\t\t\t\t\t\t<div class=\"elementor-container elementor-column-gap-default\">\n\t\t\t\t\t<div class=\"elementor-column elementor-col-100 elementor-top-column elementor-element elementor-element-d0cce31\" data-id=\"d0cce31\" data-element_type=\"column\">\n\t\t\t<div class=\"elementor-widget-wrap elementor-element-populated\">\n\t\t\t\t\t\t\t\t<div class=\"elementor-element elementor-element-9f4d139 elementor-position-top elementor-vertical-align-top elementor-widget elementor-widget-image-box\" data-id=\"9f4d139\" data-element_type=\"widget\" data-widget_type=\"image-box.default\">\n\t\t\t\t<div class=\"elementor-widget-container\">\n\t\t\t<div class=\"elementor-image-box-wrapper\"><figure class=\"elementor-image-box-img\"><img loading=\"lazy\" decoding=\"async\" width=\"512\" height=\"512\" src=\"https:\/\/fundesemgt.org\/wp-content\/uploads\/2023\/04\/humanit.png\" class=\"attachment-full size-full wp-image-726\" alt=\"\" srcset=\"https:\/\/fundesemgt.org\/wp-content\/uploads\/2023\/04\/humanit.png 512w, https:\/\/fundesemgt.org\/wp-content\/uploads\/2023\/04\/humanit-300x300.png 300w, https:\/\/fundesemgt.org\/wp-content\/uploads\/2023\/04\/humanit-150x150.png 150w\" sizes=\"auto, (max-width: 512px) 100vw, 512px\" \/><\/figure><div class=\"elementor-image-box-content\"><h3 class=\"elementor-image-box-title\">Ayuda humanitaria<\/h3><p class=\"elementor-image-box-description\">Planteamos mecanismos de respuesta inmediata de ayuda para localidades afectadas por desastres naturales.<\/p><\/div><\/div>\t\t<\/div>\n\t\t\t\t<\/div>\n\t\t\t\t\t<\/div>\n\t\t<\/div>\n\t\t\t\t\t\t\t<\/div>\n\t\t<\/section>\n\t\t\t\t<section class=\"elementor-section elementor-top-section elementor-element elementor-element-d652c0d elementor-section-boxed elementor-section-height-default elementor-section-height-default\" data-id=\"d652c0d\" data-element_type=\"section\">\n\t\t\t\t\t\t<div class=\"elementor-container elementor-column-gap-default\">\n\t\t\t\t\t<div class=\"elementor-column elementor-col-100 elementor-top-column elementor-element elementor-element-1fe745d\" data-id=\"1fe745d\" data-element_type=\"column\">\n\t\t\t<div class=\"elementor-widget-wrap elementor-element-populated\">\n\t\t\t\t\t\t\t\t<div class=\"elementor-element elementor-element-2d26f17 elementor-position-top elementor-vertical-align-top elementor-widget elementor-widget-image-box\" data-id=\"2d26f17\" data-element_type=\"widget\" data-widget_type=\"image-box.default\">\n\t\t\t\t<div class=\"elementor-widget-container\">\n\t\t\t<div class=\"elementor-image-box-wrapper\"><figure class=\"elementor-image-box-img\"><img loading=\"lazy\" decoding=\"async\" width=\"512\" height=\"512\" src=\"https:\/\/fundesemgt.org\/wp-content\/uploads\/2023\/04\/ID.png\" class=\"attachment-full size-full wp-image-722\" alt=\"\" srcset=\"https:\/\/fundesemgt.org\/wp-content\/uploads\/2023\/04\/ID.png 512w, https:\/\/fundesemgt.org\/wp-content\/uploads\/2023\/04\/ID-300x300.png 300w, https:\/\/fundesemgt.org\/wp-content\/uploads\/2023\/04\/ID-150x150.png 150w\" sizes=\"auto, (max-width: 512px) 100vw, 512px\" \/><\/figure><div class=\"elementor-image-box-content\"><h3 class=\"elementor-image-box-title\">Investigaci\u00f3n y desarrollo<\/h3><p class=\"elementor-image-box-description\">Mediante alianzas con instituciones de investigaci\u00f3n, formas alternativas de producci\u00f3n para el desarrollo de las comunidades <\/p><\/div><\/div>\t\t<\/div>\n\t\t\t\t<\/div>\n\t\t\t\t\t<\/div>\n\t\t<\/div>\n\t\t\t\t\t\t\t<\/div>\n\t\t<\/section>\n\t\t\t\t<section class=\"elementor-section elementor-top-section elementor-element elementor-element-371d4d8 elementor-section-boxed elementor-section-height-default elementor-section-height-default\" data-id=\"371d4d8\" data-element_type=\"section\">\n\t\t\t\t\t\t<div class=\"elementor-container elementor-column-gap-default\">\n\t\t\t\t\t<div class=\"elementor-column elementor-col-100 elementor-top-column elementor-element elementor-element-dec0f98\" data-id=\"dec0f98\" data-element_type=\"column\">\n\t\t\t<div class=\"elementor-widget-wrap elementor-element-populated\">\n\t\t\t\t\t\t\t\t<div class=\"elementor-element elementor-element-cb73e06 elementor-position-top elementor-vertical-align-top elementor-widget elementor-widget-image-box\" data-id=\"cb73e06\" data-element_type=\"widget\" data-widget_type=\"image-box.default\">\n\t\t\t\t<div class=\"elementor-widget-container\">\n\t\t\t<div class=\"elementor-image-box-wrapper\"><figure class=\"elementor-image-box-img\"><img loading=\"lazy\" decoding=\"async\" width=\"512\" height=\"512\" src=\"https:\/\/fundesemgt.org\/wp-content\/uploads\/2023\/04\/incidencia.png\" class=\"attachment-full size-full wp-image-723\" alt=\"\" srcset=\"https:\/\/fundesemgt.org\/wp-content\/uploads\/2023\/04\/incidencia.png 512w, https:\/\/fundesemgt.org\/wp-content\/uploads\/2023\/04\/incidencia-300x300.png 300w, https:\/\/fundesemgt.org\/wp-content\/uploads\/2023\/04\/incidencia-150x150.png 150w\" sizes=\"auto, (max-width: 512px) 100vw, 512px\" \/><\/figure><div class=\"elementor-image-box-content\"><h3 class=\"elementor-image-box-title\">Incidencia pol\u00edtica<\/h3><p class=\"elementor-image-box-description\">Buscamos espacios de di\u00e1logo, como este en el que hoy nos encontramos, para proponer soluciones a los desaf\u00edos nacionales en materia de ambiente y recursos naturales, que permitan alcanzar un desarrollo econ\u00f3mico-social integral y sostenible en Guatemala y los dem\u00e1s pa\u00edses de la regi\u00f3n Mesoamericana.<\/p><\/div><\/div>\t\t<\/div>\n\t\t\t\t<\/div>\n\t\t\t\t<div class=\"elementor-element elementor-element-8890708 elementor-position-top elementor-vertical-align-top elementor-widget elementor-widget-image-box\" data-id=\"8890708\" data-element_type=\"widget\" data-widget_type=\"image-box.default\">\n\t\t\t\t<div class=\"elementor-widget-container\">\n\t\t\t<div class=\"elementor-image-box-wrapper\"><figure class=\"elementor-image-box-img\"><img loading=\"lazy\" decoding=\"async\" width=\"512\" height=\"512\" src=\"https:\/\/fundesemgt.org\/wp-content\/uploads\/2023\/04\/arbitraje.png\" class=\"attachment-full size-full wp-image-724\" alt=\"\" srcset=\"https:\/\/fundesemgt.org\/wp-content\/uploads\/2023\/04\/arbitraje.png 512w, https:\/\/fundesemgt.org\/wp-content\/uploads\/2023\/04\/arbitraje-300x300.png 300w, https:\/\/fundesemgt.org\/wp-content\/uploads\/2023\/04\/arbitraje-150x150.png 150w\" sizes=\"auto, (max-width: 512px) 100vw, 512px\" \/><\/figure><div class=\"elementor-image-box-content\"><h3 class=\"elementor-image-box-title\">Arbitraje ambiental<\/h3><p class=\"elementor-image-box-description\">Esperamos plantear m\u00e9todos alternativos de resoluci\u00f3n de conflictos en materia ambiental<\/p><\/div><\/div>\t\t<\/div>\n\t\t\t\t<\/div>\n\t\t\t\t<div class=\"elementor-element elementor-element-27d777b elementor-position-top elementor-vertical-align-top elementor-widget elementor-widget-image-box\" data-id=\"27d777b\" data-element_type=\"widget\" data-widget_type=\"image-box.default\">\n\t\t\t\t<div class=\"elementor-widget-container\">\n\t\t\t<div class=\"elementor-image-box-wrapper\"><figure class=\"elementor-image-box-img\"><img loading=\"lazy\" decoding=\"async\" width=\"512\" height=\"512\" src=\"https:\/\/fundesemgt.org\/wp-content\/uploads\/2023\/04\/conservacion.png\" class=\"attachment-full size-full wp-image-725\" alt=\"\" srcset=\"https:\/\/fundesemgt.org\/wp-content\/uploads\/2023\/04\/conservacion.png 512w, https:\/\/fundesemgt.org\/wp-content\/uploads\/2023\/04\/conservacion-300x300.png 300w, https:\/\/fundesemgt.org\/wp-content\/uploads\/2023\/04\/conservacion-150x150.png 150w\" sizes=\"auto, (max-width: 512px) 100vw, 512px\" \/><\/figure><div class=\"elementor-image-box-content\"><h3 class=\"elementor-image-box-title\">Protecci\u00f3n, conservaci\u00f3n y recuperaci\u00f3n de ecosistemas estrat\u00e9gicos<\/h3><p class=\"elementor-image-box-description\">Mediante la creaci\u00f3n de centros de rescate, recuperaci\u00f3n, protecci\u00f3n y conservaci\u00f3n de flora y fauna amenazada.\n\n<\/p><\/div><\/div>\t\t<\/div>\n\t\t\t\t<\/div>\n\t\t\t\t\t<\/div>\n\t\t<\/div>\n\t\t\t\t\t\t\t<\/div>\n\t\t<\/section>\n\t\t\t\t\t\t\t<\/div>\n\t\t","protected":false},"excerpt":{"rendered":"<p>Cambio Clim\u00e1tico Generamos capacidades para que las poblaciones m\u00e1s vulnerables, especialmente las mujeres ind\u00edgenas y los ni\u00f1os puedan adaptarse y mejorar su calidad de vida. Promoci\u00f3n y desarrollo Planteamos alternativas&#8230;<\/p>\n","protected":false},"author":1,"featured_media":0,"parent":0,"menu_order":0,"comment_status":"closed","ping_status":"closed","template":"","meta":{"footnotes":""},"class_list":["post-432","page","type-page","status-publish","hentry"],"_links":{"self":[{"href":"https:\/\/fundesemgt.org\/index.php?rest_route=\/wp\/v2\/pages\/432","targetHints":{"allow":["GET"]}}],"collection":[{"href":"https:\/\/fundesemgt.org\/index.php?rest_route=\/wp\/v2\/pages"}],"about":[{"href":"https:\/\/fundesemgt.org\/index.php?rest_route=\/wp\/v2\/types\/page"}],"author":[{"embeddable":true,"href":"https:\/\/fundesemgt.org\/index.php?rest_route=\/wp\/v2\/users\/1"}],"replies":[{"embeddable":true,"href":"https:\/\/fundesemgt.org\/index.php?rest_route=%2Fwp%2Fv2%2Fcomments&post=432"}],"version-history":[{"count":5,"href":"https:\/\/fundesemgt.org\/index.php?rest_route=\/wp\/v2\/pages\/432\/revisions"}],"predecessor-version":[{"id":730,"href":"https:\/\/fundesemgt.org\/index.php?rest_route=\/wp\/v2\/pages\/432\/revisions\/730"}],"wp:attachment":[{"href":"https:\/\/fundesemgt.org\/index.php?rest_route=%2Fwp%2Fv2%2Fmedia&parent=432"}],"curies":[{"name":"wp","href":"https:\/\/api.w.org\/{rel}","templated":true}]}}